CRAN Package Check Results for Package BayesOrdDesign

Last updated on 2025-07-08 15:49:31 CEST.

Flavor Version Tinstall Tcheck Ttotal Status Flags
r-devel-linux-x86_64-debian-clang 0.1.2 14.02 117.14 131.16 NOTE
r-devel-linux-x86_64-debian-gcc 0.1.2 10.31 85.84 96.15 NOTE
r-devel-linux-x86_64-fedora-clang 0.1.2 204.96 OK
r-devel-linux-x86_64-fedora-gcc 0.1.2 192.04 OK
r-devel-windows-x86_64 0.1.2 14.00 115.00 129.00 OK
r-patched-linux-x86_64 0.1.2 14.20 108.86 123.06 OK
r-release-linux-x86_64 0.1.2 12.87 107.07 119.94 OK
r-release-macos-arm64 0.1.2 56.00 OK
r-release-macos-x86_64 0.1.2 100.00 OK
r-release-windows-x86_64 0.1.2 14.00 116.00 130.00 OK
r-oldrel-macos-arm64 0.1.2 56.00 OK
r-oldrel-macos-x86_64 0.1.2 101.00 OK
r-oldrel-windows-x86_64 0.1.2 19.00 150.00 169.00 OK

Check Details

Version: 0.1.2
Check: CRAN incoming feasibility
Result: NOTE Maintainer: ‘Chengxue Zhong <czhong9106@gmail.com>’ The Description field contains (2021) <arXiv:2108.06568>. Please refer to arXiv e-prints via their arXiv DOI <doi:10.48550/arXiv.YYMM.NNNNN>. Flavors: r-devel-linux-x86_64-debian-clang, r-devel-linux-x86_64-debian-gcc