Last updated on 2025-10-31 18:50:58 CET.
| Flavor | Version | Tinstall | Tcheck | Ttotal | Status | Flags | 
|---|---|---|---|---|---|---|
| r-devel-linux-x86_64-debian-clang | 1.0.3 | 90.65 | 250.16 | 340.81 | OK | |
| r-devel-linux-x86_64-debian-gcc | 1.0.3 | 53.80 | 175.43 | 229.23 | OK | |
| r-devel-linux-x86_64-fedora-clang | 1.0.3 | 170.00 | 377.49 | 547.49 | OK | |
| r-devel-linux-x86_64-fedora-gcc | 1.0.3 | 132.00 | 393.42 | 525.42 | OK | |
| r-devel-windows-x86_64 | 1.0.3 | 84.00 | 268.00 | 352.00 | OK | |
| r-patched-linux-x86_64 | 1.0.3 | 76.77 | 239.62 | 316.39 | OK | |
| r-release-linux-x86_64 | 1.0.3 | 77.44 | 238.07 | 315.51 | OK | |
| r-release-macos-arm64 | 1.0.3 | 5.00 | ERROR | |||
| r-release-macos-x86_64 | 1.0.3 | 15.00 | ERROR | |||
| r-release-windows-x86_64 | 1.0.3 | 86.00 | 279.00 | 365.00 | OK | |
| r-oldrel-macos-arm64 | 1.0.3 | 10.00 | ERROR | |||
| r-oldrel-macos-x86_64 | 1.0.3 | 11.00 | ERROR | |||
| r-oldrel-windows-x86_64 | 1.0.3 | 102.00 | 339.00 | 441.00 | NOTE | 
Version: 1.0.3
Check: package dependencies
Result: ERROR
  Package required but not available: ‘mixAK’
  
  See section ‘The DESCRIPTION file’ in the ‘Writing R Extensions’
  manual.
Flavors: r-release-macos-arm64, r-release-macos-x86_64, r-oldrel-macos-arm64, r-oldrel-macos-x86_64
Version: 1.0.3
Check: installed package size
Result: NOTE
    installed size is  5.9Mb
    sub-directories of 1Mb or more:
      data   3.3Mb
      doc    1.2Mb
      libs   1.4Mb
Flavor: r-oldrel-windows-x86_64