Last updated on 2024-05-13 09:51:03 CEST.
Flavor | Version | Tinstall | Tcheck | Ttotal | Status | Flags |
---|---|---|---|---|---|---|
r-devel-linux-x86_64-debian-clang | 3.0.2 | 6.69 | 54.02 | 60.71 | OK | |
r-devel-linux-x86_64-debian-gcc | 3.0.2 | 6.62 | 39.61 | 46.23 | OK | |
r-devel-linux-x86_64-fedora-clang | 3.0.2 | 76.06 | NOTE | |||
r-devel-linux-x86_64-fedora-gcc | 3.0.2 | 103.36 | NOTE | |||
r-devel-windows-x86_64 | 3.0.2 | 7.00 | 58.00 | 65.00 | OK | |
r-patched-linux-x86_64 | 3.0.2 | 6.33 | 50.16 | 56.49 | OK | |
r-release-linux-x86_64 | 3.0.2 | 5.90 | 50.48 | 56.38 | OK | |
r-release-macos-arm64 | 3.0.2 | 28.00 | OK | |||
r-release-windows-x86_64 | 3.0.2 | 7.00 | 57.00 | 64.00 | OK | |
r-oldrel-macos-arm64 | 3.0.2 | 26.00 | OK | |||
r-oldrel-macos-x86_64 | 3.0.2 | 41.00 | OK | |||
r-oldrel-windows-x86_64 | 3.0.2 | 9.00 | 64.00 | 73.00 | OK |
Version: 3.0.2
Check: data for non-ASCII characters
Result: NOTE
Note: found 268 marked UTF-8 strings
Flavors: r-devel-linux-x86_64-fedora-clang, r-devel-linux-x86_64-fedora-gcc