Last updated on 2025-11-01 12:49:56 CET.
| Flavor | Version | Tinstall | Tcheck | Ttotal | Status | Flags |
|---|---|---|---|---|---|---|
| r-devel-linux-x86_64-debian-clang | 0.9.9 | 14.68 | 180.57 | 195.25 | OK | |
| r-devel-linux-x86_64-debian-gcc | 0.9.9 | 11.49 | 120.07 | 131.56 | OK | |
| r-devel-linux-x86_64-fedora-clang | 0.9.9 | 41.00 | 263.17 | 304.17 | OK | |
| r-devel-linux-x86_64-fedora-gcc | 0.9.9 | 34.00 | 264.91 | 298.91 | OK | |
| r-devel-windows-x86_64 | 0.9.9 | 18.00 | 177.00 | 195.00 | OK | |
| r-patched-linux-x86_64 | 0.9.9 | 17.61 | 167.56 | 185.17 | OK | |
| r-release-linux-x86_64 | 0.9.9 | 13.84 | 165.82 | 179.66 | OK | |
| r-release-macos-arm64 | 0.9.9 | 7.00 | 68.00 | 75.00 | OK | |
| r-release-macos-x86_64 | 0.9.9 | 14.00 | 148.00 | 162.00 | OK | |
| r-release-windows-x86_64 | 0.9.9 | 19.00 | 178.00 | 197.00 | OK | |
| r-oldrel-macos-arm64 | 0.9.9 | 7.00 | 76.00 | 83.00 | NOTE | |
| r-oldrel-macos-x86_64 | 0.9.9 | 14.00 | 150.00 | 164.00 | NOTE | |
| r-oldrel-windows-x86_64 | 0.9.9 | 24.00 | 236.00 | 260.00 | NOTE |
Version: 0.9.9
Check: DESCRIPTION meta-information
Result: NOTE
Package listed in more than one of Depends, Imports, Suggests, Enhances:
‘tidyr’
A package should be listed in only one of these fields.
Flavors: r-oldrel-macos-arm64, r-oldrel-macos-x86_64, r-oldrel-windows-x86_64