CRAN Package Check Results for Package wpp2015

Last updated on 2025-07-05 10:49:38 CEST.

Flavor Version Tinstall Tcheck Ttotal Status Flags
r-devel-linux-x86_64-debian-clang 1.1-3 1.88 41.36 43.24 OK
r-devel-linux-x86_64-debian-gcc 1.1-3 1.57 32.95 34.52 OK
r-devel-linux-x86_64-fedora-clang 1.1-3 60.21 OK
r-devel-linux-x86_64-fedora-gcc 1.1-3 59.29 OK
r-devel-windows-x86_64 1.1-3 5.00 67.00 72.00 OK
r-patched-linux-x86_64 1.1-3 2.23 39.55 41.78 OK
r-release-linux-x86_64 1.1-3 1.75 39.79 41.54 OK
r-release-macos-arm64 1.1-3 30.00 OK
r-release-macos-x86_64 1.1-3 45.00 OK
r-release-windows-x86_64 1.1-3 6.00 69.00 75.00 OK
r-oldrel-macos-arm64 1.1-3 35.00 NOTE
r-oldrel-macos-x86_64 1.1-3 42.00 NOTE
r-oldrel-windows-x86_64 1.1-3 6.00 77.00 83.00 NOTE

Check Details

Version: 1.1-3
Check: installed package size
Result: NOTE installed size is 11.3Mb sub-directories of 1Mb or more: data 11.2Mb Flavors: r-oldrel-macos-arm64, r-oldrel-macos-x86_64, r-oldrel-windows-x86_64