CRAN Package Check Results for Package vprr

Last updated on 2025-07-04 19:50:34 CEST.

Flavor Version Tinstall Tcheck Ttotal Status Flags
r-devel-linux-x86_64-debian-clang 0.2.3 15.01 91.85 106.86 NOTE
r-devel-linux-x86_64-debian-gcc 0.2.3 9.57 67.53 77.10 NOTE
r-devel-linux-x86_64-fedora-clang 0.2.3 160.03 NOTE
r-devel-linux-x86_64-fedora-gcc 0.2.3 172.84 NOTE
r-devel-windows-x86_64 0.2.3 21.00 106.00 127.00 NOTE
r-patched-linux-x86_64 0.2.3 13.87 82.82 96.69 NOTE
r-release-linux-x86_64 0.2.3 12.74 82.71 95.45 NOTE
r-release-macos-arm64 0.2.3 46.00 OK
r-release-macos-x86_64 0.2.3 102.00 OK
r-release-windows-x86_64 0.2.3 23.00 103.00 126.00 NOTE
r-oldrel-macos-arm64 0.2.3 49.00 NOTE
r-oldrel-macos-x86_64 0.2.3 77.00 NOTE
r-oldrel-windows-x86_64 0.2.3 26.00 127.00 153.00 NOTE

Check Details

Version: 0.2.3
Check: Rd cross-references
Result: NOTE Found the following Rd file(s) with Rd \link{} targets missing package anchors: ctd_cast.Rd: ctdFindProfiles vpr_manual_classification.Rd: image_scale Please provide package anchors for all Rd \link{} targets not in the package itself and the base packages. Flavors: r-devel-linux-x86_64-debian-clang, r-devel-linux-x86_64-debian-gcc, r-devel-windows-x86_64, r-patched-linux-x86_64, r-release-linux-x86_64, r-release-windows-x86_64

Version: 0.2.3
Check: dependencies in R code
Result: NOTE Namespace in Imports field not imported from: ‘usethis’ All declared Imports should be used. Flavors: r-devel-linux-x86_64-fedora-clang, r-devel-linux-x86_64-fedora-gcc

Version: 0.2.3
Check: installed package size
Result: NOTE installed size is 9.7Mb sub-directories of 1Mb or more: extdata 8.4Mb Flavors: r-oldrel-macos-arm64, r-oldrel-macos-x86_64, r-oldrel-windows-x86_64