Last updated on 2025-05-23 19:53:43 CEST.
Flavor | Version | Tinstall | Tcheck | Ttotal | Status | Flags |
---|---|---|---|---|---|---|
r-devel-linux-x86_64-debian-clang | 0.8.3 | 94.32 | 130.47 | 224.79 | OK | |
r-devel-linux-x86_64-debian-gcc | 0.8.3 | 84.52 | 92.25 | 176.77 | OK | |
r-devel-linux-x86_64-fedora-clang | 0.8.3 | 423.74 | OK | |||
r-devel-linux-x86_64-fedora-gcc | 0.8.3 | 452.87 | OK | |||
r-devel-windows-x86_64 | 0.8.3 | 112.00 | 171.00 | 283.00 | OK | |
r-patched-linux-x86_64 | 0.8.3 | 110.93 | 121.25 | 232.18 | OK | |
r-release-linux-x86_64 | 0.8.3 | 108.92 | 121.31 | 230.23 | OK | |
r-release-macos-arm64 | 0.8.3 | 95.00 | OK | |||
r-release-macos-x86_64 | 0.8.3 | 175.00 | OK | |||
r-release-windows-x86_64 | 0.8.3 | 114.00 | 173.00 | 287.00 | OK | |
r-oldrel-macos-arm64 | 0.8.3 | 103.00 | NOTE | |||
r-oldrel-macos-x86_64 | 0.8.3 | 149.00 | NOTE | |||
r-oldrel-windows-x86_64 | 0.8.3 | 138.00 | 202.00 | 340.00 | OK |
Version: 0.8.3
Check: installed package size
Result: NOTE
installed size is 7.6Mb
sub-directories of 1Mb or more:
libs 6.5Mb
Flavors: r-oldrel-macos-arm64, r-oldrel-macos-x86_64