Last updated on 2024-05-11 11:48:35 CEST.
Flavor | Version | Tinstall | Tcheck | Ttotal | Status | Flags |
---|---|---|---|---|---|---|
r-devel-linux-x86_64-debian-clang | 0.1.0 | 3.92 | 41.46 | 45.38 | OK | |
r-devel-linux-x86_64-debian-gcc | 0.1.0 | 2.80 | 32.03 | 34.83 | OK | |
r-devel-linux-x86_64-fedora-clang | 0.1.0 | 61.74 | NOTE | |||
r-devel-linux-x86_64-fedora-gcc | 0.1.0 | 78.33 | NOTE | |||
r-devel-windows-x86_64 | 0.1.0 | 4.00 | 56.00 | 60.00 | OK | |
r-patched-linux-x86_64 | 0.1.0 | 3.29 | 41.65 | 44.94 | OK | |
r-release-linux-x86_64 | 0.1.0 | 2.48 | 40.23 | 42.71 | OK | |
r-release-macos-arm64 | 0.1.0 | 28.00 | OK | |||
r-release-windows-x86_64 | 0.1.0 | 4.00 | 56.00 | 60.00 | OK | |
r-oldrel-macos-arm64 | 0.1.0 | 29.00 | OK | |||
r-oldrel-macos-x86_64 | 0.1.0 | 45.00 | OK | |||
r-oldrel-windows-x86_64 | 0.1.0 | 6.00 | 58.00 | 64.00 | OK |
Version: 0.1.0
Check: dependencies in R code
Result: NOTE
Namespaces in Imports field not imported from:
‘BBmisc’ ‘badger’
All declared Imports should be used.
Flavors: r-devel-linux-x86_64-fedora-clang, r-devel-linux-x86_64-fedora-gcc