Last updated on 2024-05-02 23:52:12 CEST.
Flavor | Version | Tinstall | Tcheck | Ttotal | Status | Flags |
---|---|---|---|---|---|---|
r-devel-linux-x86_64-debian-clang | 1.2.1 | 4.24 | 41.40 | 45.64 | NOTE | |
r-devel-linux-x86_64-debian-gcc | 1.2.1 | 2.93 | 30.17 | 33.10 | NOTE | |
r-devel-linux-x86_64-fedora-clang | 1.2.1 | 59.03 | NOTE | |||
r-devel-linux-x86_64-fedora-gcc | 1.2.1 | 53.04 | NOTE | |||
r-devel-windows-x86_64 | 1.2.1 | 4.00 | 52.00 | 56.00 | OK | |
r-patched-linux-x86_64 | 1.2.1 | 3.97 | 38.60 | 42.57 | NOTE | |
r-release-linux-x86_64 | 1.2.1 | 3.19 | 39.91 | 43.10 | NOTE | |
r-release-macos-arm64 | 1.2.1 | 18.00 | OK | |||
r-release-windows-x86_64 | 1.2.1 | 4.00 | 52.00 | 56.00 | OK | |
r-oldrel-macos-arm64 | 1.2.1 | 20.00 | OK | |||
r-oldrel-macos-x86_64 | 1.2.1 | 31.00 | OK | |||
r-oldrel-windows-x86_64 | 1.2.1 | 4.00 | 56.00 | 60.00 | OK |
Version: 1.2.1
Check: for non-standard things in the check directory
Result: NOTE
Found the following files/directories:
‘PredValidationPlots.pdf’ ‘RepStructValidationPlots.pdf’
Flavors: r-devel-linux-x86_64-debian-clang, r-devel-linux-x86_64-debian-gcc, r-devel-linux-x86_64-fedora-clang, r-devel-linux-x86_64-fedora-gcc, r-patched-linux-x86_64, r-release-linux-x86_64