Last updated on 2025-05-22 23:52:31 CEST.
Flavor | Version | Tinstall | Tcheck | Ttotal | Status | Flags |
---|---|---|---|---|---|---|
r-devel-linux-x86_64-debian-clang | 1.1.1 | 27.43 | 90.61 | 118.04 | NOTE | |
r-devel-linux-x86_64-debian-gcc | 1.1.1 | 19.74 | 61.67 | 81.41 | NOTE | |
r-devel-linux-x86_64-fedora-clang | 1.1.1 | 194.99 | NOTE | |||
r-devel-linux-x86_64-fedora-gcc | 1.1.1 | 197.36 | NOTE | |||
r-devel-windows-x86_64 | 1.1.1 | 38.00 | 181.00 | 219.00 | NOTE | |
r-patched-linux-x86_64 | 1.1.1 | 29.78 | 85.64 | 115.42 | NOTE | |
r-release-linux-x86_64 | 1.1.1 | 27.24 | 85.03 | 112.27 | NOTE | |
r-release-macos-arm64 | 1.1.1 | 52.00 | NOTE | |||
r-release-macos-x86_64 | 1.1.1 | 96.00 | NOTE | |||
r-release-windows-x86_64 | 1.1.1 | 39.00 | 167.00 | 206.00 | NOTE | |
r-oldrel-macos-arm64 | 1.1.1 | 53.00 | NOTE | |||
r-oldrel-macos-x86_64 | 1.1.1 | 92.00 | NOTE | |||
r-oldrel-windows-x86_64 | 1.1.1 | 46.00 | 149.00 | 195.00 | NOTE |
Version: 1.1.1
Check: package subdirectories
Result: NOTE
Problems with news in ‘NEWS.md’:
No news entries found.
Flavors: r-devel-linux-x86_64-debian-clang, r-devel-linux-x86_64-debian-gcc, r-devel-linux-x86_64-fedora-clang, r-devel-linux-x86_64-fedora-gcc, r-devel-windows-x86_64, r-patched-linux-x86_64, r-release-linux-x86_64, r-release-macos-arm64, r-release-macos-x86_64, r-release-windows-x86_64, r-oldrel-macos-arm64, r-oldrel-macos-x86_64, r-oldrel-windows-x86_64
Version: 1.1.1
Check: LazyData
Result: NOTE
'LazyData' is specified without a 'data' directory
Flavors: r-oldrel-macos-arm64, r-oldrel-macos-x86_64, r-oldrel-windows-x86_64