CRAN Package Check Results for Package ukgasapi

Last updated on 2025-05-24 02:51:45 CEST.

Flavor Version Tinstall Tcheck Ttotal Status Flags
r-devel-linux-x86_64-debian-clang 0.21 1.62 20.96 22.58 OK
r-devel-linux-x86_64-debian-gcc 0.21 1.17 17.02 18.19 OK
r-devel-linux-x86_64-fedora-clang 0.21 36.79 OK
r-devel-linux-x86_64-fedora-gcc 0.21 47.68 OK
r-devel-windows-x86_64 0.21 4.00 45.00 49.00 OK
r-patched-linux-x86_64 0.21 1.77 19.97 21.74 OK
r-release-linux-x86_64 0.21 1.62 20.20 21.82 OK
r-release-macos-arm64 0.21 35.00 OK
r-release-macos-x86_64 0.21 48.00 OK
r-release-windows-x86_64 0.21 4.00 66.00 70.00 OK
r-oldrel-macos-arm64 0.21 21.00 NOTE
r-oldrel-macos-x86_64 0.21 32.00 NOTE
r-oldrel-windows-x86_64 0.21 3.00 46.00 49.00 NOTE

Check Details

Version: 0.21
Check: LazyData
Result: NOTE 'LazyData' is specified without a 'data' directory Flavors: r-oldrel-macos-arm64, r-oldrel-macos-x86_64, r-oldrel-windows-x86_64