CRAN Package Check Results for Package twilio

Last updated on 2025-07-04 06:50:01 CEST.

Flavor Version Tinstall Tcheck Ttotal Status Flags
r-devel-linux-x86_64-debian-clang 0.1.0 3.86 34.95 38.81 OK
r-devel-linux-x86_64-debian-gcc 0.1.0 2.61 27.81 30.42 OK
r-devel-linux-x86_64-fedora-clang 0.1.0 64.18 OK
r-devel-linux-x86_64-fedora-gcc 0.1.0 58.72 OK
r-devel-windows-x86_64 0.1.0 6.00 51.00 57.00 OK
r-patched-linux-x86_64 0.1.0 4.06 32.45 36.51 OK
r-release-linux-x86_64 0.1.0 3.57 32.37 35.94 OK
r-release-macos-arm64 0.1.0 31.00 OK
r-release-macos-x86_64 0.1.0 38.00 OK
r-release-windows-x86_64 0.1.0 5.00 52.00 57.00 OK
r-oldrel-macos-arm64 0.1.0 21.00 NOTE
r-oldrel-macos-x86_64 0.1.0 30.00 NOTE
r-oldrel-windows-x86_64 0.1.0 6.00 60.00 66.00 NOTE

Check Details

Version: 0.1.0
Check: LazyData
Result: NOTE 'LazyData' is specified without a 'data' directory Flavors: r-oldrel-macos-arm64, r-oldrel-macos-x86_64, r-oldrel-windows-x86_64