Last updated on 2025-05-06 07:50:09 CEST.
Flavor | Version | Tinstall | Tcheck | Ttotal | Status | Flags |
---|---|---|---|---|---|---|
r-devel-linux-x86_64-debian-clang | 0.3.2 | 41.30 | 71.46 | 112.76 | NOTE | |
r-devel-linux-x86_64-debian-gcc | 0.3.2 | 28.05 | 55.83 | 83.88 | NOTE | |
r-devel-linux-x86_64-fedora-clang | 0.3.2 | 195.27 | NOTE | |||
r-devel-linux-x86_64-fedora-gcc | 0.3.2 | 202.34 | NOTE | |||
r-devel-windows-x86_64 | 0.3.2 | 48.00 | 113.00 | 161.00 | NOTE | |
r-patched-linux-x86_64 | 0.3.2 | 38.44 | 68.30 | 106.74 | NOTE | |
r-release-linux-x86_64 | 0.3.2 | 38.38 | 68.87 | 107.25 | NOTE | |
r-release-macos-arm64 | 0.3.2 | 63.00 | NOTE | |||
r-release-macos-x86_64 | 0.3.2 | 77.00 | NOTE | |||
r-release-windows-x86_64 | 0.3.2 | 48.00 | 118.00 | 166.00 | NOTE | |
r-oldrel-macos-arm64 | 0.3.2 | 55.00 | NOTE | |||
r-oldrel-macos-x86_64 | 0.3.2 | 76.00 | NOTE | |||
r-oldrel-windows-x86_64 | 0.3.2 | 56.00 | 138.00 | 194.00 | NOTE |
Version: 0.3.2
Check: C++ specification
Result: NOTE
Specified C++11: please drop specification unless essential
Flavors: r-devel-linux-x86_64-debian-clang, r-devel-linux-x86_64-debian-gcc, r-devel-linux-x86_64-fedora-clang, r-devel-linux-x86_64-fedora-gcc, r-devel-windows-x86_64, r-patched-linux-x86_64, r-release-linux-x86_64, r-release-macos-arm64, r-release-macos-x86_64, r-release-windows-x86_64, r-oldrel-macos-arm64, r-oldrel-macos-x86_64, r-oldrel-windows-x86_64