CRAN Package Check Results for Package trustedtimestamping

Last updated on 2025-07-28 08:50:52 CEST.

Flavor Version Tinstall Tcheck Ttotal Status Flags
r-devel-linux-x86_64-debian-clang 0.2.6 1.63 21.05 22.68 OK
r-devel-linux-x86_64-debian-gcc 0.2.6 1.52 17.52 19.04 OK
r-devel-linux-x86_64-fedora-clang 0.2.6 36.21 OK
r-devel-linux-x86_64-fedora-gcc 0.2.6 33.02 OK
r-devel-windows-x86_64 0.2.6 4.00 51.00 55.00 OK
r-patched-linux-x86_64 0.2.6 2.12 19.45 21.57 OK
r-release-linux-x86_64 0.2.6 1.86 19.57 21.43 OK
r-release-macos-arm64 0.2.6 22.00 OK
r-release-macos-x86_64 0.2.6 29.00 OK
r-release-windows-x86_64 0.2.6 3.00 43.00 46.00 OK
r-oldrel-macos-arm64 0.2.6 15.00 NOTE
r-oldrel-macos-x86_64 0.2.6 21.00 NOTE
r-oldrel-windows-x86_64 0.2.6 4.00 48.00 52.00 NOTE

Additional issues

donttest

Check Details

Version: 0.2.6
Check: LazyData
Result: NOTE 'LazyData' is specified without a 'data' directory Flavors: r-oldrel-macos-arm64, r-oldrel-macos-x86_64, r-oldrel-windows-x86_64