Last updated on 2024-05-11 12:48:19 CEST.
Flavor | Version | Tinstall | Tcheck | Ttotal | Status | Flags |
---|---|---|---|---|---|---|
r-devel-linux-x86_64-debian-clang | 1.0.1 | 7.94 | 68.63 | 76.57 | NOTE | |
r-devel-linux-x86_64-debian-gcc | 1.0.1 | 6.61 | 49.77 | 56.38 | NOTE | |
r-devel-linux-x86_64-fedora-clang | 1.0.1 | 95.31 | NOTE | |||
r-devel-linux-x86_64-fedora-gcc | 1.0.1 | 151.32 | NOTE | |||
r-devel-windows-x86_64 | 1.0.1 | 8.00 | 76.00 | 84.00 | NOTE | |
r-patched-linux-x86_64 | 1.0.1 | 7.93 | 65.30 | 73.23 | NOTE | |
r-release-linux-x86_64 | 1.0.1 | 9.04 | 64.25 | 73.29 | NOTE | |
r-release-macos-arm64 | 1.0.1 | 31.00 | NOTE | |||
r-release-windows-x86_64 | 1.0.1 | 8.00 | 74.00 | 82.00 | NOTE | |
r-oldrel-macos-arm64 | 1.0.1 | 32.00 | NOTE | |||
r-oldrel-macos-x86_64 | 1.0.1 | 51.00 | NOTE | |||
r-oldrel-windows-x86_64 | 1.0.1 | 10.00 | 78.00 | 88.00 | NOTE |
Version: 1.0.1
Check: LazyData
Result: NOTE
'LazyData' is specified without a 'data' directory
Flavors: r-devel-linux-x86_64-debian-clang, r-devel-linux-x86_64-debian-gcc, r-devel-linux-x86_64-fedora-clang, r-devel-linux-x86_64-fedora-gcc, r-devel-windows-x86_64, r-patched-linux-x86_64, r-release-linux-x86_64, r-release-macos-arm64, r-release-windows-x86_64, r-oldrel-macos-arm64, r-oldrel-macos-x86_64, r-oldrel-windows-x86_64