Last updated on 2025-07-04 19:50:33 CEST.
Flavor | Version | Tinstall | Tcheck | Ttotal | Status | Flags |
---|---|---|---|---|---|---|
r-devel-linux-x86_64-debian-clang | 0.50.13 | 10.71 | 140.65 | 151.36 | NOTE | |
r-devel-linux-x86_64-debian-gcc | 0.50.13 | 7.81 | 99.04 | 106.85 | NOTE | |
r-devel-linux-x86_64-fedora-clang | 0.50.13 | 228.53 | NOTE | |||
r-devel-linux-x86_64-fedora-gcc | 0.50.13 | 235.62 | NOTE | |||
r-devel-windows-x86_64 | 0.50.13 | 14.00 | 151.00 | 165.00 | NOTE | |
r-patched-linux-x86_64 | 0.50.13 | 11.49 | 133.45 | 144.94 | NOTE | |
r-release-linux-x86_64 | 0.50.13 | 10.60 | 131.51 | 142.11 | NOTE | |
r-release-macos-arm64 | 0.50.13 | 73.00 | NOTE | |||
r-release-macos-x86_64 | 0.50.13 | 146.00 | NOTE | |||
r-release-windows-x86_64 | 0.50.13 | 12.00 | 151.00 | 163.00 | NOTE | |
r-oldrel-macos-arm64 | 0.50.13 | 73.00 | NOTE | |||
r-oldrel-macos-x86_64 | 0.50.13 | 108.00 | NOTE | |||
r-oldrel-windows-x86_64 | 0.50.13 | 16.00 | 187.00 | 203.00 | NOTE |
Version: 0.50.13
Check: Rd files
Result: NOTE
checkRd: (-1) pvalEffectPlot.Rd:90: Lost braces in \itemize; meant \describe ?
checkRd: (-1) pvalEffectPlot.Rd:91: Lost braces in \itemize; meant \describe ?
checkRd: (-1) pvalEffectPlot.Rd:92: Lost braces in \itemize; meant \describe ?
checkRd: (-1) pvalEffectPlot.Rd:93: Lost braces in \itemize; meant \describe ?
checkRd: (-1) pvalEffectPlot.Rd:94: Lost braces in \itemize; meant \describe ?
Flavors: r-devel-linux-x86_64-debian-clang, r-devel-linux-x86_64-debian-gcc, r-devel-linux-x86_64-fedora-clang, r-devel-linux-x86_64-fedora-gcc, r-devel-windows-x86_64, r-patched-linux-x86_64, r-release-linux-x86_64, r-release-macos-arm64, r-release-macos-x86_64, r-release-windows-x86_64, r-oldrel-macos-arm64, r-oldrel-macos-x86_64, r-oldrel-windows-x86_64