Last updated on 2025-05-24 06:51:22 CEST.
Flavor | Version | Tinstall | Tcheck | Ttotal | Status | Flags |
---|---|---|---|---|---|---|
r-devel-linux-x86_64-debian-clang | 4.1 | 55.56 | 433.04 | 488.60 | OK | |
r-devel-linux-x86_64-debian-gcc | 4.1 | 36.21 | 278.77 | 314.98 | OK | |
r-devel-linux-x86_64-fedora-clang | 4.1 | 793.08 | OK | |||
r-devel-linux-x86_64-fedora-gcc | 4.1 | 736.10 | OK | |||
r-devel-windows-x86_64 | 4.1 | 55.00 | 365.00 | 420.00 | OK | |
r-patched-linux-x86_64 | 4.1 | 59.85 | 402.66 | 462.51 | OK | |
r-release-linux-x86_64 | 4.1 | 53.83 | 399.64 | 453.47 | OK | |
r-release-macos-arm64 | 4.1 | 176.00 | OK | |||
r-release-macos-x86_64 | 4.1 | 451.00 | OK | |||
r-release-windows-x86_64 | 4.1 | 57.00 | 356.00 | 413.00 | OK | |
r-oldrel-macos-arm64 | 4.1 | 185.00 | NOTE | |||
r-oldrel-macos-x86_64 | 4.1 | 314.00 | NOTE | |||
r-oldrel-windows-x86_64 | 4.1 | 45.00 | 392.00 | 437.00 | OK |
Version: 4.1
Check: installed package size
Result: NOTE
installed size is 5.0Mb
sub-directories of 1Mb or more:
R 2.1Mb
data 2.0Mb
Flavors: r-oldrel-macos-arm64, r-oldrel-macos-x86_64