Last updated on 2024-05-06 01:48:40 CEST.
Flavor | Version | Tinstall | Tcheck | Ttotal | Status | Flags |
---|---|---|---|---|---|---|
r-devel-linux-x86_64-debian-clang | 0.7-13 | 35.54 | 77.67 | 113.21 | NOTE | |
r-devel-linux-x86_64-debian-gcc | 0.7-13 | 29.44 | 58.52 | 87.96 | NOTE | |
r-devel-linux-x86_64-fedora-clang | 0.7-13 | 166.22 | NOTE | |||
r-devel-linux-x86_64-fedora-gcc | 0.7-13 | 168.15 | NOTE | |||
r-devel-windows-x86_64 | 0.7-13 | 32.00 | 145.00 | 177.00 | NOTE | |
r-patched-linux-x86_64 | 0.7-13 | 39.79 | 74.63 | 114.42 | NOTE | |
r-release-linux-x86_64 | 0.7-13 | 36.11 | 72.94 | 109.05 | NOTE | |
r-release-macos-arm64 | 0.7-13 | 76.00 | NOTE | |||
r-release-macos-x86_64 | 0.7-13 | 174.00 | NOTE | |||
r-release-windows-x86_64 | 0.7-13 | 34.00 | 138.00 | 172.00 | NOTE | |
r-oldrel-macos-arm64 | 0.7-13 | 82.00 | NOTE | |||
r-oldrel-macos-x86_64 | 0.7-13 | 181.00 | NOTE | |||
r-oldrel-windows-x86_64 | 0.7-13 | 41.00 | 141.00 | 182.00 | NOTE |
Version: 0.7-13
Check: package dependencies
Result: NOTE
Packages suggested but not available for checking:
'Rcampdf', 'tm.lexicon.GeneralInquirer'
Flavors: r-devel-linux-x86_64-debian-clang, r-devel-linux-x86_64-debian-gcc, r-devel-linux-x86_64-fedora-clang, r-devel-linux-x86_64-fedora-gcc, r-patched-linux-x86_64, r-release-linux-x86_64, r-release-macos-arm64, r-release-macos-x86_64, r-oldrel-macos-arm64, r-oldrel-macos-x86_64
Version: 0.7-13
Check: Rd cross-references
Result: NOTE
Undeclared packages ‘tm.plugin.dc’, ‘readtext’, ‘graph’, ‘tau’, ‘tokenizers’ in Rd xrefs
Flavor: r-devel-linux-x86_64-fedora-clang
Version: 0.7-13
Check: package dependencies
Result: NOTE
Packages suggested but not available for checking:
'Rcampdf', 'Rpoppler', 'tm.lexicon.GeneralInquirer'
Flavors: r-devel-windows-x86_64, r-release-windows-x86_64, r-oldrel-windows-x86_64