Last updated on 2025-10-22 07:50:34 CEST.
Flavor | Version | Tinstall | Tcheck | Ttotal | Status | Flags |
---|---|---|---|---|---|---|
r-devel-linux-x86_64-debian-clang | 0.5.0 | 8.53 | 61.96 | 70.49 | NOTE | |
r-devel-linux-x86_64-debian-gcc | 0.5.0 | 5.83 | 42.23 | 48.06 | NOTE | |
r-devel-linux-x86_64-fedora-clang | 0.5.0 | 36.00 | 72.87 | 108.87 | OK | |
r-devel-linux-x86_64-fedora-gcc | 0.5.0 | 17.00 | 77.88 | 94.88 | OK | |
r-devel-windows-x86_64 | 0.5.0 | 10.00 | 80.00 | 90.00 | OK | |
r-patched-linux-x86_64 | 0.5.0 | 9.49 | 55.69 | 65.18 | OK | |
r-release-linux-x86_64 | 0.5.0 | 7.75 | 55.73 | 63.48 | OK | |
r-release-macos-arm64 | 0.5.0 | 4.00 | 29.00 | 33.00 | OK | |
r-release-macos-x86_64 | 0.5.0 | 7.00 | 51.00 | 58.00 | OK | |
r-release-windows-x86_64 | 0.5.0 | 9.00 | 80.00 | 89.00 | OK | |
r-oldrel-macos-arm64 | 0.5.0 | 4.00 | 37.00 | 41.00 | OK | |
r-oldrel-macos-x86_64 | 0.5.0 | 6.00 | 52.00 | 58.00 | OK | |
r-oldrel-windows-x86_64 | 0.5.0 | 10.00 | 93.00 | 103.00 | OK |
Version: 0.5.0
Check: HTML version of manual
Result: NOTE
Found the following HTML validation problems:
set_hooks.html:54:1 (set_hooks.Rd:16): Warning: missing </ul> before </div>
Flavors: r-devel-linux-x86_64-debian-clang, r-devel-linux-x86_64-debian-gcc