CRAN Package Check Results for Package tinter

Last updated on 2025-07-03 05:50:45 CEST.

Flavor Version Tinstall Tcheck Ttotal Status Flags
r-devel-linux-x86_64-debian-clang 0.1.0 2.46 25.16 27.62 OK
r-devel-linux-x86_64-debian-gcc 0.1.0 1.84 20.44 22.28 OK
r-devel-linux-x86_64-fedora-clang 0.1.0 38.63 OK
r-devel-linux-x86_64-fedora-gcc 0.1.0 38.41 OK
r-devel-windows-x86_64 0.1.0 3.00 44.00 47.00 OK
r-patched-linux-x86_64 0.1.0 2.15 22.36 24.51 OK
r-release-linux-x86_64 0.1.0 1.70 22.59 24.29 OK
r-release-macos-arm64 0.1.0 19.00 OK
r-release-macos-x86_64 0.1.0 28.00 OK
r-release-windows-x86_64 0.1.0 4.00 46.00 50.00 OK
r-oldrel-macos-arm64 0.1.0 16.00 NOTE
r-oldrel-macos-x86_64 0.1.0 24.00 NOTE
r-oldrel-windows-x86_64 0.1.0 4.00 49.00 53.00 NOTE

Check Details

Version: 0.1.0
Check: LazyData
Result: NOTE 'LazyData' is specified without a 'data' directory Flavors: r-oldrel-macos-arm64, r-oldrel-macos-x86_64, r-oldrel-windows-x86_64