Last updated on 2025-05-29 06:50:57 CEST.
Flavor | Version | Tinstall | Tcheck | Ttotal | Status | Flags |
---|---|---|---|---|---|---|
r-devel-linux-x86_64-debian-clang | 1.3.8-4 | 38.50 | 45.91 | 84.41 | NOTE | |
r-devel-linux-x86_64-debian-gcc | 1.3.8-4 | 22.11 | 33.31 | 55.42 | NOTE | |
r-devel-linux-x86_64-fedora-clang | 1.3.8-4 | 128.52 | OK | |||
r-devel-linux-x86_64-fedora-gcc | 1.3.8-4 | 118.40 | OK | |||
r-devel-windows-x86_64 | 1.3.8-4 | 44.00 | 74.00 | 118.00 | OK | |
r-patched-linux-x86_64 | 1.3.8-4 | 30.92 | 43.50 | 74.42 | OK | |
r-release-linux-x86_64 | 1.3.8-4 | 29.79 | 43.56 | 73.35 | OK | |
r-release-macos-arm64 | 1.3.8-4 | 44.00 | OK | |||
r-release-macos-x86_64 | 1.3.8-4 | 57.00 | OK | |||
r-release-windows-x86_64 | 1.3.8-4 | 43.00 | 82.00 | 125.00 | OK | |
r-oldrel-macos-arm64 | 1.3.8-4 | 53.00 | OK | |||
r-oldrel-macos-x86_64 | 1.3.8-4 | 62.00 | OK | |||
r-oldrel-windows-x86_64 | 1.3.8-4 | 42.00 | 74.00 | 116.00 | OK |
Version: 1.3.8-4
Check: CRAN incoming feasibility
Result: NOTE
Maintainer: ‘Masami Saga <msaga@mtb.biglobe.ne.jp>’
No Authors@R field in DESCRIPTION.
Please add one, modifying
Authors@R: c(person(given = c("The", "Institute", "of", "Statistical"),
family = "Mathematics",
role = "aut"),
person(given = "Masami",
family = "Saga",
role = "cre",
email = "msaga@mtb.biglobe.ne.jp"))
as necessary.
Flavors: r-devel-linux-x86_64-debian-clang, r-devel-linux-x86_64-debian-gcc