Last updated on 2024-05-13 07:50:19 CEST.
Flavor | Version | Tinstall | Tcheck | Ttotal | Status | Flags |
---|---|---|---|---|---|---|
r-devel-linux-x86_64-debian-clang | 1.7.8 | 7.66 | 123.90 | 131.56 | OK | |
r-devel-linux-x86_64-debian-gcc | 1.7.8 | 5.36 | 96.98 | 102.34 | OK | |
r-devel-linux-x86_64-fedora-clang | 1.7.8 | 175.42 | NOTE | |||
r-devel-linux-x86_64-fedora-gcc | 1.7.8 | 236.67 | OK | |||
r-devel-windows-x86_64 | 1.7.8 | 7.00 | 122.00 | 129.00 | OK | |
r-patched-linux-x86_64 | 1.7.8 | 12.64 | 123.06 | 135.70 | OK | |
r-release-linux-x86_64 | 1.7.8 | 7.74 | 125.60 | 133.34 | OK | |
r-release-macos-arm64 | 1.7.8 | 67.00 | OK | |||
r-release-macos-x86_64 | 1.7.8 | 160.00 | OK | |||
r-release-windows-x86_64 | 1.7.8 | 7.00 | 121.00 | 128.00 | OK | |
r-oldrel-macos-arm64 | 1.7.8 | 69.00 | OK | |||
r-oldrel-macos-x86_64 | 1.7.8 | 122.00 | OK | |||
r-oldrel-windows-x86_64 | 1.7.8 | 8.00 | 143.00 | 151.00 | OK |
Version: 1.7.8
Check: Rd cross-references
Result: NOTE
Undeclared packages ‘fastDummies’, ‘widyr’, ‘pacman’, ‘sjmisc’ in Rd xrefs
Flavor: r-devel-linux-x86_64-fedora-clang