Last updated on 2025-05-24 22:50:21 CEST.
Flavor | Version | Tinstall | Tcheck | Ttotal | Status | Flags |
---|---|---|---|---|---|---|
r-devel-linux-x86_64-debian-clang | 0.1.0 | 14.11 | 45.07 | 59.18 | NOTE | |
r-devel-linux-x86_64-debian-gcc | 0.1.0 | 10.34 | 33.07 | 43.41 | NOTE | |
r-devel-linux-x86_64-fedora-clang | 0.1.0 | 91.80 | OK | |||
r-devel-linux-x86_64-fedora-gcc | 0.1.0 | 86.79 | OK | |||
r-devel-windows-x86_64 | 0.1.0 | 17.00 | 99.00 | 116.00 | OK | |
r-patched-linux-x86_64 | 0.1.0 | 14.07 | 41.26 | 55.33 | OK | |
r-release-linux-x86_64 | 0.1.0 | 14.06 | 41.09 | 55.15 | OK | |
r-release-macos-arm64 | 0.1.0 | 50.00 | OK | |||
r-release-macos-x86_64 | 0.1.0 | 57.00 | OK | |||
r-release-windows-x86_64 | 0.1.0 | 17.00 | 63.00 | 80.00 | OK | |
r-oldrel-macos-arm64 | 0.1.0 | 33.00 | NOTE | |||
r-oldrel-macos-x86_64 | 0.1.0 | 49.00 | NOTE | |||
r-oldrel-windows-x86_64 | 0.1.0 | 20.00 | 74.00 | 94.00 | NOTE |
Version: 0.1.0
Check: CRAN incoming feasibility
Result: NOTE
Maintainer: ‘Olgun Aydin <olgun.aydin@pg.edu.pl>’
No Authors@R field in DESCRIPTION.
Please add one, modifying
Authors@R: c(person(given = "Olgun",
family = "Aydin",
role = c("aut", "cre"),
email = "olgun.aydin@pg.edu.pl"),
person(given = "Mustafa",
family = "Cavus",
role = "aut"))
as necessary.
Flavors: r-devel-linux-x86_64-debian-clang, r-devel-linux-x86_64-debian-gcc
Version: 0.1.0
Check: installed package size
Result: NOTE
installed size is 9.1Mb
sub-directories of 1Mb or more:
R 5.1Mb
data 4.0Mb
Flavors: r-oldrel-macos-arm64, r-oldrel-macos-x86_64, r-oldrel-windows-x86_64