Last updated on 2025-11-04 13:50:27 CET.
| Flavor | Version | Tinstall | Tcheck | Ttotal | Status | Flags | 
|---|---|---|---|---|---|---|
| r-devel-linux-x86_64-debian-clang | 0.1.6 | 1.86 | 23.81 | 25.67 | NOTE | |
| r-devel-linux-x86_64-debian-gcc | 0.1.6 | 1.55 | 19.87 | 21.42 | NOTE | |
| r-devel-linux-x86_64-fedora-clang | 0.1.6 | 38.14 | NOTE | |||
| r-devel-linux-x86_64-fedora-gcc | 0.1.6 | 10.00 | 28.20 | 38.20 | NOTE | |
| r-devel-windows-x86_64 | 0.1.6 | 6.00 | 39.00 | 45.00 | NOTE | |
| r-patched-linux-x86_64 | 0.1.6 | 2.14 | 22.64 | 24.78 | NOTE | |
| r-release-linux-x86_64 | 0.1.6 | 1.99 | 22.30 | 24.29 | NOTE | |
| r-release-macos-arm64 | 0.1.6 | 1.00 | 16.00 | 17.00 | NOTE | |
| r-release-macos-x86_64 | 0.1.6 | 2.00 | 23.00 | 25.00 | NOTE | |
| r-release-windows-x86_64 | 0.1.6 | 2.00 | 39.00 | 41.00 | NOTE | |
| r-oldrel-macos-arm64 | 0.1.6 | 1.00 | 15.00 | 16.00 | NOTE | |
| r-oldrel-macos-x86_64 | 0.1.6 | 2.00 | 20.00 | 22.00 | NOTE | |
| r-oldrel-windows-x86_64 | 0.1.6 | 3.00 | 41.00 | 44.00 | NOTE | 
Version: 0.1.6
Check: CRAN incoming feasibility
Result: NOTE
  Maintainer: ‘Matthieu Decorde <matthieu.decorde@ens-lyon.fr>’
  
  No Authors@R field in DESCRIPTION.
  Please add one, modifying
    Authors@R: c(person(given = "Sylvain",
                        family = "Loiseau",
                        role = "aut"),
                 person(given = "Lise",
                        family = "Vaudor",
                        role = "aut"),
                 person(given = "Matthieu",
                        family = "Decorde",
                        role = c("aut", "cre"),
                        email = "matthieu.decorde@ens-lyon.fr"),
                 person(given = "Serge",
                        family = "Heiden",
                        role = "aut"))
  as necessary.
Flavors: r-devel-linux-x86_64-debian-clang, r-devel-linux-x86_64-debian-gcc
Version: 0.1.6
Check: package subdirectories
Result: NOTE
  Problems with news in ‘NEWS.md’:
  No news entries found.
Flavors: r-devel-linux-x86_64-debian-clang, r-devel-linux-x86_64-debian-gcc, r-devel-linux-x86_64-fedora-clang, r-devel-linux-x86_64-fedora-gcc, r-devel-windows-x86_64, r-patched-linux-x86_64, r-release-linux-x86_64, r-release-macos-arm64, r-release-macos-x86_64, r-release-windows-x86_64, r-oldrel-macos-arm64, r-oldrel-macos-x86_64, r-oldrel-windows-x86_64