CRAN Package Check Results for Package tenispolaR

Last updated on 2025-05-24 16:55:47 CEST.

Flavor Version Tinstall Tcheck Ttotal Status Flags
r-devel-linux-x86_64-debian-clang 0.1.4 1.47 20.05 21.52 OK
r-devel-linux-x86_64-debian-gcc 0.1.4 1.43 16.99 18.42 OK
r-devel-linux-x86_64-fedora-clang 0.1.4 32.27 OK
r-devel-linux-x86_64-fedora-gcc 0.1.4 31.19 OK
r-devel-windows-x86_64 0.1.4 3.00 83.00 86.00 OK
r-patched-linux-x86_64 0.1.4 1.55 18.30 19.85 OK
r-release-linux-x86_64 0.1.4 1.55 18.20 19.75 OK
r-release-macos-arm64 0.1.4 18.00 OK
r-release-macos-x86_64 0.1.4 28.00 OK
r-release-windows-x86_64 0.1.4 3.00 47.00 50.00 OK
r-oldrel-macos-arm64 0.1.4 15.00 NOTE
r-oldrel-macos-x86_64 0.1.4 23.00 NOTE
r-oldrel-windows-x86_64 0.1.4 3.00 49.00 52.00 NOTE

Check Details

Version: 0.1.4
Check: LazyData
Result: NOTE 'LazyData' is specified without a 'data' directory Flavors: r-oldrel-macos-arm64, r-oldrel-macos-x86_64, r-oldrel-windows-x86_64