Last updated on 2024-05-13 10:54:48 CEST.
Flavor | Version | Tinstall | Tcheck | Ttotal | Status | Flags |
---|---|---|---|---|---|---|
r-devel-linux-x86_64-debian-clang | 0.1.4 | 6.30 | 45.53 | 51.83 | NOTE | |
r-devel-linux-x86_64-debian-gcc | 0.1.4 | 5.07 | 35.10 | 40.17 | NOTE | |
r-devel-linux-x86_64-fedora-clang | 0.1.4 | 73.32 | NOTE | |||
r-devel-linux-x86_64-fedora-gcc | 0.1.4 | 83.78 | NOTE | |||
r-devel-windows-x86_64 | 0.1.4 | 10.00 | 61.00 | 71.00 | NOTE | |
r-patched-linux-x86_64 | 0.1.4 | 5.04 | 44.91 | 49.95 | NOTE | |
r-release-linux-x86_64 | 0.1.4 | 5.14 | 45.24 | 50.38 | NOTE | |
r-release-macos-arm64 | 0.1.4 | 31.00 | NOTE | |||
r-release-windows-x86_64 | 0.1.4 | 12.00 | 61.00 | 73.00 | NOTE | |
r-oldrel-macos-arm64 | 0.1.4 | 34.00 | NOTE | |||
r-oldrel-macos-x86_64 | 0.1.4 | 51.00 | NOTE | |||
r-oldrel-windows-x86_64 | 0.1.4 | 11.00 | 65.00 | 76.00 | NOTE |
Version: 0.1.4
Check: C++ specification
Result: NOTE
Specified C++11: please drop specification unless essential
Flavors: r-devel-linux-x86_64-debian-clang, r-devel-linux-x86_64-debian-gcc, r-devel-linux-x86_64-fedora-clang, r-devel-linux-x86_64-fedora-gcc, r-devel-windows-x86_64, r-patched-linux-x86_64, r-release-linux-x86_64, r-release-macos-arm64, r-release-windows-x86_64, r-oldrel-macos-arm64, r-oldrel-macos-x86_64, r-oldrel-windows-x86_64
Version: 0.1.4
Check: compiled code
Result: NOTE
File ‘tardis/libs/tardis.so’:
Found non-API calls to R: ‘SETLENGTH’, ‘SET_TRUELENGTH’
Compiled code should not call non-API entry points in R.
See ‘Writing portable packages’ in the ‘Writing R Extensions’ manual.
Flavors: r-devel-linux-x86_64-debian-clang, r-devel-linux-x86_64-debian-gcc, r-devel-linux-x86_64-fedora-clang, r-devel-linux-x86_64-fedora-gcc
Version: 0.1.4
Check: data for non-ASCII characters
Result: NOTE
Note: found 301 marked UTF-8 strings
Flavors: r-devel-linux-x86_64-fedora-clang, r-devel-linux-x86_64-fedora-gcc
Version: 0.1.4
Check: compiled code
Result: NOTE
File 'tardis/libs/x64/tardis.dll':
Found non-API calls to R: 'SETLENGTH', 'SET_TRUELENGTH'
Compiled code should not call non-API entry points in R.
See 'Writing portable packages' in the 'Writing R Extensions' manual.
Flavor: r-devel-windows-x86_64