CRAN Package Check Results for Package taipan

Last updated on 2025-07-04 07:49:44 CEST.

Flavor Version Tinstall Tcheck Ttotal Status Flags
r-devel-linux-x86_64-debian-clang 0.1.2 3.31 36.39 39.70 OK
r-devel-linux-x86_64-debian-gcc 0.1.2 2.54 28.99 31.53 OK
r-devel-linux-x86_64-fedora-clang 0.1.2 61.18 OK
r-devel-linux-x86_64-fedora-gcc 0.1.2 70.51 OK
r-devel-windows-x86_64 0.1.2 5.00 57.00 62.00 OK
r-patched-linux-x86_64 0.1.2 3.54 33.99 37.53 OK
r-release-linux-x86_64 0.1.2 2.76 33.87 36.63 OK
r-release-macos-arm64 0.1.2 44.00 OK
r-release-macos-x86_64 0.1.2 51.00 OK
r-release-windows-x86_64 0.1.2 5.00 54.00 59.00 OK
r-oldrel-macos-arm64 0.1.2 28.00 NOTE
r-oldrel-macos-x86_64 0.1.2 45.00 NOTE
r-oldrel-windows-x86_64 0.1.2 6.00 63.00 69.00 NOTE

Check Details

Version: 0.1.2
Check: LazyData
Result: NOTE 'LazyData' is specified without a 'data' directory Flavors: r-oldrel-macos-arm64, r-oldrel-macos-x86_64, r-oldrel-windows-x86_64