CRAN Package Check Results for Package syt

Last updated on 2025-07-24 21:50:00 CEST.

Flavor Version Tinstall Tcheck Ttotal Status Flags
r-devel-linux-x86_64-debian-clang 0.5.0 6.78 67.88 74.66 NOTE
r-devel-linux-x86_64-debian-gcc 0.5.0 5.75 48.94 54.69 NOTE
r-devel-linux-x86_64-fedora-clang 0.5.0 113.02 OK
r-devel-linux-x86_64-fedora-gcc 0.5.0 110.59 OK
r-devel-windows-x86_64 0.5.0 8.00 97.00 105.00 OK
r-patched-linux-x86_64 0.5.0 8.19 64.35 72.54 OK
r-release-linux-x86_64 0.5.0 7.33 64.99 72.32 OK
r-release-macos-arm64 0.5.0 38.00 OK
r-release-macos-x86_64 0.5.0 64.00 OK
r-release-windows-x86_64 0.5.0 10.00 91.00 101.00 OK
r-oldrel-macos-arm64 0.5.0 35.00 OK
r-oldrel-macos-x86_64 0.5.0 114.00 OK
r-oldrel-windows-x86_64 0.5.0 11.00 103.00 114.00 OK

Check Details

Version: 0.5.0
Check: CRAN incoming feasibility
Result: NOTE Maintainer: ‘Stéphane Laurent <laurent_step@outlook.fr>’ No Authors@R field in DESCRIPTION. Please add one, modifying Authors@R: person(given = "Stéphane", family = "Laurent", role = c("aut", "cre"), email = "laurent_step@outlook.fr") as necessary. Flavors: r-devel-linux-x86_64-debian-clang, r-devel-linux-x86_64-debian-gcc