Last updated on 2025-07-04 02:52:03 CEST.
Flavor | Version | Tinstall | Tcheck | Ttotal | Status | Flags |
---|---|---|---|---|---|---|
r-devel-linux-x86_64-debian-clang | 1.2.3 | 45.27 | 38.99 | 84.26 | OK | |
r-devel-linux-x86_64-debian-gcc | 1.2.3 | 33.91 | 30.47 | 64.38 | OK | |
r-devel-linux-x86_64-fedora-clang | 1.2.3 | 156.54 | OK | |||
r-devel-linux-x86_64-fedora-gcc | 1.2.3 | 155.53 | OK | |||
r-devel-windows-x86_64 | 1.2.3 | 62.00 | 86.00 | 148.00 | OK | |
r-patched-linux-x86_64 | 1.2.3 | 50.78 | 35.56 | 86.34 | OK | |
r-release-linux-x86_64 | 1.2.3 | 48.13 | 36.42 | 84.55 | OK | |
r-release-macos-arm64 | 1.2.3 | 75.00 | OK | |||
r-release-macos-x86_64 | 1.2.3 | 103.00 | OK | |||
r-release-windows-x86_64 | 1.2.3 | 64.00 | 83.00 | 147.00 | OK | |
r-oldrel-macos-arm64 | 1.2.3 | 51.00 | NOTE | |||
r-oldrel-macos-x86_64 | 1.2.3 | 102.00 | NOTE | |||
r-oldrel-windows-x86_64 | 1.2.3 | 77.00 | 96.00 | 173.00 | OK |
Version: 1.2.3
Check: installed package size
Result: NOTE
installed size is 25.2Mb
sub-directories of 1Mb or more:
libs 24.8Mb
Flavors: r-oldrel-macos-arm64, r-oldrel-macos-x86_64