Last updated on 2025-05-23 15:49:29 CEST.
Flavor | Version | Tinstall | Tcheck | Ttotal | Status | Flags |
---|---|---|---|---|---|---|
r-devel-linux-x86_64-debian-clang | 0.1.0 | 12.09 | 23.94 | 36.03 | OK | |
r-devel-linux-x86_64-debian-gcc | 0.1.0 | 10.33 | 20.11 | 30.44 | OK | |
r-devel-linux-x86_64-fedora-clang | 0.1.0 | 57.48 | OK | |||
r-devel-linux-x86_64-fedora-gcc | 0.1.0 | 53.98 | OK | |||
r-devel-windows-x86_64 | 0.1.0 | 12.00 | 90.00 | 102.00 | OK | |
r-patched-linux-x86_64 | 0.1.0 | 11.87 | 22.01 | 33.88 | OK | |
r-release-linux-x86_64 | 0.1.0 | 11.17 | 22.18 | 33.35 | OK | |
r-release-macos-arm64 | 0.1.0 | 28.00 | OK | |||
r-release-macos-x86_64 | 0.1.0 | 39.00 | OK | |||
r-release-windows-x86_64 | 0.1.0 | 14.00 | 86.00 | 100.00 | OK | |
r-oldrel-macos-arm64 | 0.1.0 | 25.00 | NOTE | |||
r-oldrel-macos-x86_64 | 0.1.0 | 33.00 | NOTE | |||
r-oldrel-windows-x86_64 | 0.1.0 | 15.00 | 49.00 | 64.00 | NOTE |
Version: 0.1.0
Check: LazyData
Result: NOTE
'LazyData' is specified without a 'data' directory
Flavors: r-oldrel-macos-arm64, r-oldrel-macos-x86_64, r-oldrel-windows-x86_64