Last updated on 2024-05-21 15:50:42 CEST.
Flavor | Version | Tinstall | Tcheck | Ttotal | Status | Flags |
---|---|---|---|---|---|---|
r-devel-linux-x86_64-debian-clang | 1.0.0 | 131.79 | 134.22 | 266.01 | OK | |
r-devel-linux-x86_64-debian-gcc | 1.0.0 | 104.75 | 97.59 | 202.34 | OK | |
r-devel-linux-x86_64-fedora-clang | 1.0.0 | 340.79 | OK | |||
r-devel-linux-x86_64-fedora-gcc | 1.0.0 | 367.91 | OK | |||
r-devel-windows-x86_64 | 1.0.0 | 93.00 | 146.00 | 239.00 | OK | |
r-patched-linux-x86_64 | 1.0.0 | 123.07 | 129.02 | 252.09 | OK | |
r-release-linux-x86_64 | 1.0.0 | 98.17 | 128.16 | 226.33 | OK | |
r-release-macos-arm64 | 1.0.0 | 101.00 | NOTE | |||
r-release-macos-x86_64 | 1.0.0 | 277.00 | NOTE | |||
r-release-windows-x86_64 | 1.0.0 | 93.00 | 145.00 | 238.00 | OK | |
r-oldrel-macos-arm64 | 1.0.0 | 119.00 | NOTE | |||
r-oldrel-macos-x86_64 | 1.0.0 | 229.00 | NOTE | |||
r-oldrel-windows-x86_64 | 1.0.0 | 118.00 | 169.00 | 287.00 | OK |
Version: 1.0.0
Check: installed package size
Result: NOTE
installed size is 24.1Mb
sub-directories of 1Mb or more:
libs 23.4Mb
Flavors: r-release-macos-arm64, r-release-macos-x86_64, r-oldrel-macos-arm64, r-oldrel-macos-x86_64