Last updated on 2025-11-15 20:53:57 CET.
| Flavor | Version | Tinstall | Tcheck | Ttotal | Status | Flags |
|---|---|---|---|---|---|---|
| r-devel-linux-x86_64-debian-clang | 0.6.4 | 11.15 | 135.46 | 146.61 | OK | |
| r-devel-linux-x86_64-debian-gcc | 0.6.4 | 7.54 | 94.15 | 101.69 | NOTE | |
| r-devel-linux-x86_64-fedora-clang | 0.6.4 | 27.00 | 191.40 | 218.40 | OK | |
| r-devel-linux-x86_64-fedora-gcc | 0.6.4 | 25.00 | 197.44 | 222.44 | OK | |
| r-devel-windows-x86_64 | 0.6.4 | 18.00 | 125.00 | 143.00 | OK | |
| r-patched-linux-x86_64 | 0.6.4 | 12.16 | 126.09 | 138.25 | OK | |
| r-release-linux-x86_64 | 0.6.4 | 10.99 | 127.12 | 138.11 | OK | |
| r-release-macos-arm64 | 0.6.4 | 5.00 | 62.00 | 67.00 | OK | |
| r-release-macos-x86_64 | 0.6.4 | 8.00 | 105.00 | 113.00 | OK | |
| r-release-windows-x86_64 | 0.6.4 | 16.00 | 123.00 | 139.00 | OK | |
| r-oldrel-macos-arm64 | 0.6.4 | 4.00 | 66.00 | 70.00 | OK | |
| r-oldrel-macos-x86_64 | 0.6.4 | 9.00 | 155.00 | 164.00 | OK | |
| r-oldrel-windows-x86_64 | 0.6.4 | 17.00 | 159.00 | 176.00 | OK |
Version: 0.6.4
Check: CRAN incoming feasibility
Result: NOTE
Maintainer: ‘Sam Woodman <sam.woodman@noaa.gov>’
The BugReports field in DESCRIPTION has
https://github.com/swfsc/swfscDAS/issues/
which should likely be
https://github.com/swfsc/swfscDAS/issues/issues
instead.
Flavor: r-devel-linux-x86_64-debian-gcc