CRAN Package Check Results for Package sweep

Last updated on 2025-07-04 06:50:00 CEST.

Flavor Version Tinstall Tcheck Ttotal Status Flags
r-devel-linux-x86_64-debian-clang 0.2.5 13.54 240.26 253.80 NOTE
r-devel-linux-x86_64-debian-gcc 0.2.5 10.34 163.49 173.83 NOTE
r-devel-linux-x86_64-fedora-clang 0.2.5 370.89 NOTE
r-devel-linux-x86_64-fedora-gcc 0.2.5 371.06 NOTE
r-devel-windows-x86_64 0.2.5 17.00 208.00 225.00 NOTE
r-patched-linux-x86_64 0.2.5 15.07 224.21 239.28 NOTE
r-release-linux-x86_64 0.2.5 13.97 222.92 236.89 NOTE
r-release-macos-arm64 0.2.5 110.00 OK
r-release-macos-x86_64 0.2.5 199.00 OK
r-release-windows-x86_64 0.2.5 17.00 211.00 228.00 NOTE
r-oldrel-macos-arm64 0.2.5 101.00 OK
r-oldrel-macos-x86_64 0.2.5 150.00 OK
r-oldrel-windows-x86_64 0.2.5 23.00 269.00 292.00 OK

Check Details

Version: 0.2.5
Check: Rd cross-references
Result: NOTE Found the following Rd file(s) with Rd \link{} targets missing package anchors: sw_sweep.Rd: tk_make_future_timeseries tidiers_bats.Rd: bats, tbats tidiers_ets.Rd: ets tidiers_nnetar.Rd: nnetar Please provide package anchors for all Rd \link{} targets not in the package itself and the base packages. Flavors: r-devel-linux-x86_64-debian-clang, r-devel-linux-x86_64-debian-gcc, r-devel-windows-x86_64, r-patched-linux-x86_64, r-release-linux-x86_64, r-release-windows-x86_64

Version: 0.2.5
Check: dependencies in R code
Result: NOTE Namespaces in Imports field not imported from: ‘lubridate’ ‘tidyquant’ ‘tidyr’ ‘tidyverse’ All declared Imports should be used. Flavors: r-devel-linux-x86_64-fedora-clang, r-devel-linux-x86_64-fedora-gcc