Last updated on 2024-05-04 12:48:12 CEST.
Flavor | Version | Tinstall | Tcheck | Ttotal | Status | Flags |
---|---|---|---|---|---|---|
r-devel-linux-x86_64-debian-clang | 1.22.1 | 64.05 | 573.68 | 637.73 | NOTE | |
r-devel-linux-x86_64-debian-gcc | 1.22.1 | 62.48 | 406.55 | 469.03 | NOTE | |
r-devel-linux-x86_64-fedora-clang | 1.23.0 | 834.58 | NOTE | |||
r-devel-linux-x86_64-fedora-gcc | 1.22.1 | 810.77 | OK | |||
r-devel-windows-x86_64 | 1.22.1 | 65.00 | 372.00 | 437.00 | NOTE | --no-vignettes |
r-patched-linux-x86_64 | 1.22.1 | 83.00 | 550.19 | 633.19 | NOTE | |
r-release-linux-x86_64 | 1.22.1 | 66.66 | 546.05 | 612.71 | NOTE | |
r-release-macos-arm64 | 1.22.1 | 209.00 | NOTE | |||
r-release-macos-x86_64 | 1.23.0 | 683.00 | NOTE | |||
r-release-windows-x86_64 | 1.22.1 | 62.00 | 326.00 | 388.00 | NOTE | --no-vignettes |
r-oldrel-macos-arm64 | 1.22.1 | 233.00 | NOTE | |||
r-oldrel-macos-x86_64 | 1.23.0 | 557.00 | NOTE | |||
r-oldrel-windows-x86_64 | 1.22.1 | 80.00 | 423.00 | 503.00 | NOTE | --no-vignettes |
Version: 1.22.1
Check: package dependencies
Result: NOTE
Package suggested but not available for checking: ‘INLA’
Flavors: r-devel-linux-x86_64-debian-clang, r-devel-linux-x86_64-debian-gcc, r-patched-linux-x86_64, r-release-linux-x86_64, r-release-macos-arm64, r-oldrel-macos-arm64
Version: 1.23.0
Check: installed package size
Result: NOTE
installed size is 6.8Mb
sub-directories of 1Mb or more:
R 1.7Mb
doc 2.3Mb
help 1.0Mb
Flavors: r-devel-linux-x86_64-fedora-clang, r-release-macos-x86_64, r-oldrel-macos-x86_64
Version: 1.22.1
Flags: --no-vignettes
Check: installed package size
Result: NOTE
installed size is 7.5Mb
sub-directories of 1Mb or more:
R 1.7Mb
doc 2.2Mb
libs 1.1Mb
Flavors: r-devel-windows-x86_64, r-release-windows-x86_64, r-oldrel-windows-x86_64
Version: 1.22.1
Check: installed package size
Result: NOTE
installed size is 8.4Mb
sub-directories of 1Mb or more:
R 2.0Mb
doc 2.2Mb
libs 1.6Mb
Flavors: r-release-macos-arm64, r-oldrel-macos-arm64
Version: 1.23.0
Check: package dependencies
Result: NOTE
Package suggested but not available for checking: ‘INLA’
Flavors: r-release-macos-x86_64, r-oldrel-macos-x86_64
Version: 1.22.1
Flags: --no-vignettes
Check: package dependencies
Result: NOTE
Package suggested but not available for checking: 'INLA'
Flavor: r-oldrel-windows-x86_64