CRAN Package Check Results for Package survSNP

Last updated on 2025-07-04 07:49:43 CEST.

Flavor Version Tinstall Tcheck Ttotal Status Flags
r-devel-linux-x86_64-debian-clang 0.26 13.47 126.17 139.64 NOTE
r-devel-linux-x86_64-debian-gcc 0.26 10.63 88.83 99.46 NOTE
r-devel-linux-x86_64-fedora-clang 0.26 213.61 OK
r-devel-linux-x86_64-fedora-gcc 0.26 225.64 OK
r-devel-windows-x86_64 0.26 17.00 154.00 171.00 OK
r-patched-linux-x86_64 0.26 13.95 122.52 136.47 OK
r-release-linux-x86_64 0.26 14.00 120.25 134.25 OK
r-release-macos-arm64 0.26 88.00 OK
r-release-macos-x86_64 0.26 139.00 OK
r-release-windows-x86_64 0.26 16.00 155.00 171.00 OK
r-oldrel-macos-arm64 0.26 73.00 OK
r-oldrel-macos-x86_64 0.26 174.00 OK
r-oldrel-windows-x86_64 0.26 21.00 202.00 223.00 OK

Check Details

Version: 0.26
Check: CRAN incoming feasibility
Result: NOTE Maintainer: ‘Alexander Sibley <dcibioinformatics@duke.edu>’ No Authors@R field in DESCRIPTION. Please add one, modifying Authors@R: c(person(given = "Kouros", family = "Owzar", role = "aut"), person(given = "Zhiguo", family = "Li", role = "aut"), person(given = "Nancy", family = "Cox", role = "aut"), person(given = "Sin-Ho", family = "Jung", role = "aut"), person(given = "Chanhee", family = "Yi", role = "aut"), person(given = "Alexander", family = "Sibley", role = "cre", email = "dcibioinformatics@duke.edu")) as necessary. Package CITATION file contains call(s) to old-style personList() or as.personList(). Please use c() on person objects instead. Package CITATION file contains call(s) to old-style citEntry(). Please use bibentry() instead. Flavors: r-devel-linux-x86_64-debian-clang, r-devel-linux-x86_64-debian-gcc