Last updated on 2024-05-11 12:48:18 CEST.
Flavor | Version | Tinstall | Tcheck | Ttotal | Status | Flags |
---|---|---|---|---|---|---|
r-devel-linux-x86_64-debian-clang | 1.0.4 | 3.31 | 27.98 | 31.29 | OK | |
r-devel-linux-x86_64-debian-gcc | 1.0.4 | 1.81 | 20.87 | 22.68 | OK | |
r-devel-linux-x86_64-fedora-clang | 1.0.4 | 38.76 | NOTE | |||
r-devel-linux-x86_64-fedora-gcc | 1.0.4 | 41.57 | NOTE | |||
r-devel-windows-x86_64 | 1.0.4 | 4.00 | 50.00 | 54.00 | OK | |
r-patched-linux-x86_64 | 1.0.4 | 3.42 | 26.85 | 30.27 | OK | |
r-release-linux-x86_64 | 1.0.4 | 2.97 | 26.54 | 29.51 | OK | |
r-release-macos-arm64 | 1.0.4 | 18.00 | OK | |||
r-release-windows-x86_64 | 1.0.4 | 4.00 | 49.00 | 53.00 | OK | |
r-oldrel-macos-arm64 | 1.0.4 | 20.00 | OK | |||
r-oldrel-macos-x86_64 | 1.0.4 | 23.00 | OK | |||
r-oldrel-windows-x86_64 | 1.0.4 | 6.00 | 48.00 | 54.00 | OK |
Version: 1.0.4
Check: dependencies in R code
Result: NOTE
Namespace in Imports field not imported from: ‘learnr’
All declared Imports should be used.
Flavors: r-devel-linux-x86_64-fedora-clang, r-devel-linux-x86_64-fedora-gcc