Last updated on 2024-05-21 17:50:12 CEST.
Flavor | Version | Tinstall | Tcheck | Ttotal | Status | Flags |
---|---|---|---|---|---|---|
r-devel-linux-x86_64-debian-clang | 0.1 | 32.70 | 35.44 | 68.14 | OK | |
r-devel-linux-x86_64-debian-gcc | 0.1 | 19.48 | 26.91 | 46.39 | OK | |
r-devel-linux-x86_64-fedora-clang | 0.1 | 95.51 | NOTE | |||
r-devel-linux-x86_64-fedora-gcc | 0.1 | 90.70 | NOTE | |||
r-devel-windows-x86_64 | 0.1 | 28.00 | 66.00 | 94.00 | OK | |
r-patched-linux-x86_64 | 0.1 | 25.99 | 34.19 | 60.18 | OK | |
r-release-linux-x86_64 | 0.1 | 22.87 | 33.38 | 56.25 | OK | |
r-release-macos-arm64 | 0.1 | 27.00 | OK | |||
r-release-windows-x86_64 | 0.1 | 28.00 | 65.00 | 93.00 | OK | |
r-oldrel-macos-arm64 | 0.1 | 30.00 | OK | |||
r-oldrel-macos-x86_64 | 0.1 | 40.00 | OK | |||
r-oldrel-windows-x86_64 | 0.1 | 35.00 | 74.00 | 109.00 | OK |
Version: 0.1
Check: compiled code
Result: NOTE
File ‘strat/libs/strat.so’:
Found no calls to: ‘R_registerRoutines’, ‘R_useDynamicSymbols’
It is good practice to register native routines and to disable symbol
search.
See ‘Writing portable packages’ in the ‘Writing R Extensions’ manual.
Flavors: r-devel-linux-x86_64-fedora-clang, r-devel-linux-x86_64-fedora-gcc