Last updated on 2024-05-11 15:49:20 CEST.
Flavor | Version | Tinstall | Tcheck | Ttotal | Status | Flags |
---|---|---|---|---|---|---|
r-devel-linux-x86_64-debian-clang | 1.3.2 | 51.06 | 454.92 | 505.98 | OK | |
r-devel-linux-x86_64-debian-gcc | 1.3.2 | 43.13 | 332.07 | 375.20 | OK | |
r-devel-linux-x86_64-fedora-clang | 1.3.2 | 626.89 | NOTE | |||
r-devel-linux-x86_64-fedora-gcc | 1.3.2 | 756.82 | OK | |||
r-devel-windows-x86_64 | 1.3.2 | 40.00 | 274.00 | 314.00 | OK | |
r-patched-linux-x86_64 | 1.3.2 | 46.12 | 436.59 | 482.71 | OK | |
r-release-linux-x86_64 | 1.3.2 | 43.46 | 436.65 | 480.11 | OK | |
r-release-macos-arm64 | 1.3.2 | 155.00 | OK | |||
r-release-windows-x86_64 | 1.3.2 | 39.00 | 272.00 | 311.00 | OK | |
r-oldrel-macos-arm64 | 1.3.2 | 156.00 | OK | |||
r-oldrel-macos-x86_64 | 1.3.2 | 346.00 | OK | |||
r-oldrel-windows-x86_64 | 1.3.2 | 56.00 | 366.00 | 422.00 | OK |
Version: 1.3.2
Check: package dependencies
Result: NOTE
Imports includes 25 non-default packages.
Importing from so many packages makes the package vulnerable to any of
them becoming unavailable. Move as many as possible to Suggests and
use conditionally.
Flavor: r-devel-linux-x86_64-fedora-clang