Last updated on 2024-05-11 08:48:48 CEST.
Flavor | Version | Tinstall | Tcheck | Ttotal | Status | Flags |
---|---|---|---|---|---|---|
r-devel-linux-x86_64-debian-clang | 1.0.7 | 120.36 | 115.55 | 235.91 | OK | |
r-devel-linux-x86_64-debian-gcc | 1.0.7 | 82.25 | 87.54 | 169.79 | OK | |
r-devel-linux-x86_64-fedora-clang | 1.0.7 | 348.30 | NOTE | |||
r-devel-linux-x86_64-fedora-gcc | 1.0.7 | 383.17 | NOTE | |||
r-devel-windows-x86_64 | 1.0.7 | 95.00 | 132.00 | 227.00 | OK | |
r-patched-linux-x86_64 | 1.0.7 | 83.13 | 111.68 | 194.81 | OK | |
r-release-linux-x86_64 | 1.0.7 | 80.86 | 113.17 | 194.03 | OK | |
r-release-macos-arm64 | 1.0.7 | 83.00 | NOTE | |||
r-release-macos-x86_64 | 1.0.7 | 152.00 | NOTE | |||
r-release-windows-x86_64 | 1.0.7 | 94.00 | 133.00 | 227.00 | OK | |
r-oldrel-macos-arm64 | 1.0.7 | 81.00 | NOTE | |||
r-oldrel-macos-x86_64 | 1.0.7 | 150.00 | NOTE | |||
r-oldrel-windows-x86_64 | 1.0.7 | 114.00 | 162.00 | 276.00 | OK |
Version: 1.0.7
Check: dependencies in R code
Result: NOTE
Namespace in Imports field not imported from: ‘statgenGWAS’
All declared Imports should be used.
Flavors: r-devel-linux-x86_64-fedora-clang, r-devel-linux-x86_64-fedora-gcc
Version: 1.0.7
Check: installed package size
Result: NOTE
installed size is 7.3Mb
sub-directories of 1Mb or more:
extdata 2.4Mb
libs 4.2Mb
Flavors: r-release-macos-arm64, r-release-macos-x86_64, r-oldrel-macos-arm64, r-oldrel-macos-x86_64