Last updated on 2025-05-24 22:50:20 CEST.
Flavor | Version | Tinstall | Tcheck | Ttotal | Status | Flags |
---|---|---|---|---|---|---|
r-devel-linux-x86_64-debian-clang | 1.2.0 | 93.35 | 146.84 | 240.19 | OK | |
r-devel-linux-x86_64-debian-gcc | 1.2.0 | 61.63 | 97.72 | 159.35 | OK | |
r-devel-linux-x86_64-fedora-clang | 1.2.0 | 445.65 | OK | |||
r-devel-linux-x86_64-fedora-gcc | 1.2.0 | 434.26 | OK | |||
r-devel-windows-x86_64 | 1.2.0 | 105.00 | 205.00 | 310.00 | OK | |
r-patched-linux-x86_64 | 1.2.0 | 98.76 | 138.86 | 237.62 | OK | |
r-release-linux-x86_64 | 1.2.0 | 91.71 | 139.75 | 231.46 | OK | |
r-release-macos-arm64 | 1.2.0 | 99.00 | OK | |||
r-release-macos-x86_64 | 1.2.0 | 168.00 | OK | |||
r-release-windows-x86_64 | 1.2.0 | 107.00 | 200.00 | 307.00 | OK | |
r-oldrel-macos-arm64 | 1.2.0 | 99.00 | NOTE | |||
r-oldrel-macos-x86_64 | 1.2.0 | 188.00 | NOTE | |||
r-oldrel-windows-x86_64 | 1.2.0 | 130.00 | 244.00 | 374.00 | OK |
Version: 1.2.0
Check: installed package size
Result: NOTE
installed size is 5.6Mb
sub-directories of 1Mb or more:
libs 3.4Mb
Flavors: r-oldrel-macos-arm64, r-oldrel-macos-x86_64