Last updated on 2024-04-20 02:50:11 CEST.
Flavor | Version | Tinstall | Tcheck | Ttotal | Status | Flags |
---|---|---|---|---|---|---|
r-devel-linux-x86_64-debian-clang | 1.4.8 | 3.93 | 38.59 | 42.52 | NOTE | |
r-devel-linux-x86_64-debian-gcc | 1.4.8 | NOTE | ||||
r-devel-linux-x86_64-fedora-clang | 1.4.8 | 53.85 | NOTE | |||
r-devel-linux-x86_64-fedora-gcc | 1.4.8 | 49.49 | NOTE | |||
r-prerel-macos-arm64 | 1.4.8 | 18.00 | NOTE | |||
r-prerel-windows-x86_64 | 1.4.8 | 4.00 | 53.00 | 57.00 | NOTE | |
r-patched-linux-x86_64 | 1.4.8 | 4.65 | 37.56 | 42.21 | NOTE | |
r-release-linux-x86_64 | 1.4.8 | 2.94 | 36.90 | 39.84 | NOTE | |
r-release-macos-arm64 | 1.4.8 | 19.00 | NOTE | |||
r-release-macos-x86_64 | 1.4.8 | 29.00 | NOTE | |||
r-release-windows-x86_64 | 1.4.8 | 4.00 | 57.00 | 61.00 | NOTE | |
r-oldrel-macos-arm64 | 1.4.8 | 18.00 | OK | |||
r-oldrel-windows-x86_64 | 1.4.8 | 5.00 | 58.00 | 63.00 | OK |
Version: 1.4.8
Check: package subdirectories
Result: NOTE
Problems with news in ‘NEWS.md’:
Cannot extract version info from the following section titles:
Feature Changes
Flavors: r-devel-linux-x86_64-debian-clang, r-devel-linux-x86_64-debian-gcc, r-devel-linux-x86_64-fedora-clang, r-devel-linux-x86_64-fedora-gcc, r-prerel-macos-arm64, r-prerel-windows-x86_64, r-patched-linux-x86_64, r-release-linux-x86_64, r-release-macos-arm64, r-release-macos-x86_64, r-release-windows-x86_64
Version: 1.4.8
Check: Rd cross-references
Result: NOTE
Undeclared packages ‘reshape2’, ‘sampling’, ‘dplyr’ in Rd xrefs
Flavor: r-devel-linux-x86_64-fedora-clang