CRAN Package Check Results for Package splithalf

Last updated on 2025-07-01 21:52:13 CEST.

Flavor Version Tinstall Tcheck Ttotal Status Flags
r-devel-linux-x86_64-debian-clang 0.8.2 22.64 159.03 181.67 NOTE
r-devel-linux-x86_64-debian-gcc 0.8.2 15.84 111.62 127.46 NOTE
r-devel-linux-x86_64-fedora-clang 0.8.2 305.09 NOTE
r-devel-linux-x86_64-fedora-gcc 0.8.2 281.88 NOTE
r-devel-windows-x86_64 0.8.2 25.00 165.00 190.00 NOTE
r-patched-linux-x86_64 NOTE
r-release-linux-x86_64 0.8.2 20.49 151.66 172.15 NOTE
r-release-macos-arm64 0.8.2 84.00 NOTE
r-release-macos-x86_64 0.8.2 170.00 NOTE
r-release-windows-x86_64 0.8.2 27.00 169.00 196.00 NOTE
r-oldrel-macos-arm64 0.8.2 87.00 NOTE
r-oldrel-macos-x86_64 0.8.2 124.00 NOTE
r-oldrel-windows-x86_64 0.8.2 34.00 213.00 247.00 NOTE

Check Details

Version: 0.8.2
Check: CRAN incoming feasibility
Result: NOTE Maintainer: ‘Sam Parsons <sam.parsons@radboudumc.nl>’ Package CITATION file contains call(s) to old-style personList() or as.personList(). Please use c() on person objects instead. Package CITATION file contains call(s) to old-style citEntry(). Please use bibentry() instead. The BugReports field in DESCRIPTION has https://github.com/sdparsons/splithalf which should likely be https://github.com/sdparsons/splithalf/issues instead. Flavors: r-devel-linux-x86_64-debian-clang, r-devel-linux-x86_64-debian-gcc

Version: 0.8.2
Check: Rd files
Result: NOTE checkRd: (-1) speedtestdata.Rd:18: Lost braces in \itemize; meant \describe ? checkRd: (-1) speedtestdata.Rd:19: Lost braces in \itemize; meant \describe ? checkRd: (-1) speedtestdata.Rd:20: Lost braces in \itemize; meant \describe ? checkRd: (-1) speedtestdata.Rd:21: Lost braces in \itemize; meant \describe ? checkRd: (-1) speedtestdata.Rd:22: Lost braces in \itemize; meant \describe ? checkRd: (-1) speedtestdata.Rd:23: Lost braces in \itemize; meant \describe ? Flavors: r-devel-linux-x86_64-debian-clang, r-devel-linux-x86_64-debian-gcc, r-devel-linux-x86_64-fedora-clang, r-devel-linux-x86_64-fedora-gcc, r-devel-windows-x86_64, r-patched-linux-x86_64, r-release-linux-x86_64, r-release-macos-arm64, r-release-macos-x86_64, r-release-windows-x86_64, r-oldrel-macos-arm64, r-oldrel-macos-x86_64, r-oldrel-windows-x86_64