Last updated on 2024-05-11 10:48:48 CEST.
Flavor | Version | Tinstall | Tcheck | Ttotal | Status | Flags |
---|---|---|---|---|---|---|
r-devel-linux-x86_64-debian-clang | 1.2.0 | 143.56 | 45.37 | 188.93 | NOTE | |
r-devel-linux-x86_64-debian-gcc | 1.2.0 | 111.30 | 36.60 | 147.90 | NOTE | |
r-devel-linux-x86_64-fedora-clang | 1.2.0 | 272.36 | NOTE | |||
r-devel-linux-x86_64-fedora-gcc | 1.2.0 | 336.07 | NOTE | |||
r-devel-windows-x86_64 | 1.2.0 | 117.00 | 86.00 | 203.00 | OK | |
r-patched-linux-x86_64 | 1.2.0 | 149.50 | 45.24 | 194.74 | NOTE | |
r-release-linux-x86_64 | 1.2.0 | 142.37 | 45.11 | 187.48 | NOTE | |
r-release-macos-arm64 | 1.2.0 | 59.00 | NOTE | |||
r-release-windows-x86_64 | 1.2.0 | 119.00 | 83.00 | 202.00 | OK | |
r-oldrel-macos-arm64 | 1.2.0 | 63.00 | NOTE | |||
r-oldrel-macos-x86_64 | 1.2.0 | 76.00 | NOTE | |||
r-oldrel-windows-x86_64 | 1.2.0 | 140.00 | 96.00 | 236.00 | OK |
Version: 1.2.0
Check: package dependencies
Result: NOTE
Package suggested but not available for checking: ‘cooltools’
Flavors: r-devel-linux-x86_64-debian-clang, r-devel-linux-x86_64-debian-gcc, r-devel-linux-x86_64-fedora-clang, r-devel-linux-x86_64-fedora-gcc, r-patched-linux-x86_64, r-release-linux-x86_64, r-release-macos-arm64
Version: 1.2.0
Check: installed package size
Result: NOTE
installed size is 8.4Mb
sub-directories of 1Mb or more:
libs 8.3Mb
Flavors: r-release-macos-arm64, r-oldrel-macos-arm64, r-oldrel-macos-x86_64