Last updated on 2024-05-09 21:53:16 CEST.
Flavor | Version | Tinstall | Tcheck | Ttotal | Status | Flags |
---|---|---|---|---|---|---|
r-devel-linux-x86_64-debian-clang | 1.0 | 156.24 | 32.78 | 189.02 | OK | |
r-devel-linux-x86_64-debian-gcc | 1.0 | 120.53 | 24.74 | 145.27 | OK | |
r-devel-linux-x86_64-fedora-clang | 1.0 | 296.55 | OK | |||
r-devel-linux-x86_64-fedora-gcc | 1.0 | 343.77 | OK | |||
r-devel-windows-x86_64 | 1.0 | 119.00 | 71.00 | 190.00 | OK | |
r-patched-linux-x86_64 | 1.0 | 149.96 | 31.63 | 181.59 | OK | |
r-release-linux-x86_64 | 1.0 | 165.79 | 31.34 | 197.13 | OK | |
r-release-macos-arm64 | 1.0 | 51.00 | NOTE | |||
r-release-windows-x86_64 | 1.0 | 118.00 | 69.00 | 187.00 | OK | |
r-oldrel-macos-arm64 | 1.0 | 63.00 | NOTE | |||
r-oldrel-macos-x86_64 | 1.0 | 71.00 | NOTE | |||
r-oldrel-windows-x86_64 | 1.0 | 147.00 | 77.00 | 224.00 | OK |
Version: 1.0
Check: installed package size
Result: NOTE
installed size is 7.0Mb
sub-directories of 1Mb or more:
libs 6.7Mb
Flavors: r-release-macos-arm64, r-oldrel-macos-arm64, r-oldrel-macos-x86_64