Last updated on 2024-05-13 07:50:17 CEST.
Flavor | Version | Tinstall | Tcheck | Ttotal | Status | Flags |
---|---|---|---|---|---|---|
r-devel-linux-x86_64-debian-clang | 0.2.3 | 67.53 | 101.99 | 169.52 | OK | |
r-devel-linux-x86_64-debian-gcc | 0.2.3 | 50.91 | 75.81 | 126.72 | OK | |
r-devel-linux-x86_64-fedora-clang | 0.2.3 | 256.39 | OK | |||
r-devel-linux-x86_64-fedora-gcc | 0.2.3 | 316.78 | OK | |||
r-devel-windows-x86_64 | 0.2.3 | 54.00 | 122.00 | 176.00 | OK | |
r-patched-linux-x86_64 | 0.2.3 | 64.83 | 97.83 | 162.66 | OK | |
r-release-linux-x86_64 | 0.2.3 | 66.33 | 98.12 | 164.45 | OK | |
r-release-macos-arm64 | 0.2.3 | 59.00 | NOTE | |||
r-release-macos-x86_64 | 0.2.3 | 101.00 | NOTE | |||
r-release-windows-x86_64 | 0.2.3 | 55.00 | 118.00 | 173.00 | OK | |
r-oldrel-macos-arm64 | 0.2.3 | 62.00 | NOTE | |||
r-oldrel-macos-x86_64 | 0.2.3 | 107.00 | NOTE | |||
r-oldrel-windows-x86_64 | 0.2.3 | 66.00 | 126.00 | 192.00 | OK |
Version: 0.2.3
Check: installed package size
Result: NOTE
installed size is 7.0Mb
sub-directories of 1Mb or more:
doc 3.1Mb
libs 3.5Mb
Flavors: r-release-macos-arm64, r-release-macos-x86_64, r-oldrel-macos-arm64, r-oldrel-macos-x86_64