Last updated on 2024-05-13 09:51:00 CEST.
Flavor | Version | Tinstall | Tcheck | Ttotal | Status | Flags |
---|---|---|---|---|---|---|
r-devel-linux-x86_64-debian-clang | 4.3.3 | 23.96 | 290.92 | 314.88 | OK | |
r-devel-linux-x86_64-debian-gcc | 4.3.3 | 14.71 | 216.22 | 230.93 | OK | |
r-devel-linux-x86_64-fedora-clang | 4.3.3 | 368.10 | NOTE | |||
r-devel-linux-x86_64-fedora-gcc | 4.3.3 | 536.44 | OK | |||
r-devel-windows-x86_64 | 4.3.3 | 18.00 | 188.00 | 206.00 | NOTE | |
r-patched-linux-x86_64 | 4.3.3 | 14.70 | 240.27 | 254.97 | OK | |
r-release-linux-x86_64 | 4.3.3 | 13.23 | 225.22 | 238.45 | OK | |
r-release-macos-arm64 | 4.3.3 | 92.00 | WARN | |||
r-release-macos-x86_64 | 4.3.3 | 288.00 | WARN | |||
r-release-windows-x86_64 | 4.3.3 | 19.00 | 201.00 | 220.00 | NOTE | |
r-oldrel-macos-arm64 | 4.3.3 | 108.00 | WARN | |||
r-oldrel-macos-x86_64 | 4.3.3 | 227.00 | WARN | |||
r-oldrel-windows-x86_64 | 4.3.3 | 24.00 | 262.00 | 286.00 | NOTE |
Version: 4.3.3
Check: installed package size
Result: NOTE
installed size is 6.0Mb
sub-directories of 1Mb or more:
doc 4.6Mb
Flavors: r-devel-linux-x86_64-fedora-clang, r-devel-windows-x86_64, r-release-macos-arm64, r-release-macos-x86_64, r-release-windows-x86_64, r-oldrel-macos-arm64, r-oldrel-macos-x86_64, r-oldrel-windows-x86_64
Version: 4.3.3
Check: for missing documentation entries
Result: WARN
Undocumented S4 methods:
generic '[' and siglist 'SpectraInTime,ANY,missing,ANY'
generic '[' and siglist 'SpectraInTime,missing,ANY,ANY'
generic '[' and siglist 'SpectraInTime,missing,missing,ANY'
generic '[' and siglist 'SpectraInTimeComp,ANY,ANY,ANY'
generic '[' and siglist 'SpectraInTimeComp,ANY,missing,ANY'
generic '[' and siglist 'SpectraInTimeComp,missing,ANY,ANY'
All user-level objects in a package (including S4 classes and methods)
should have documentation entries.
See chapter ‘Writing R documentation files’ in the ‘Writing R
Extensions’ manual.
Flavors: r-release-macos-arm64, r-release-macos-x86_64, r-oldrel-macos-arm64, r-oldrel-macos-x86_64