CRAN Package Check Results for Package specklestar

Last updated on 2025-07-04 19:50:31 CEST.

Flavor Version Tinstall Tcheck Ttotal Status Flags
r-devel-linux-x86_64-debian-clang 0.0.1.7 29.18 29.82 59.00 NOTE
r-devel-linux-x86_64-debian-gcc 0.0.1.7 20.32 25.58 45.90 NOTE
r-devel-linux-x86_64-fedora-clang 0.0.1.7 112.47 NOTE
r-devel-linux-x86_64-fedora-gcc 0.0.1.7 103.53 NOTE
r-devel-windows-x86_64 0.0.1.7 34.00 74.00 108.00 NOTE
r-patched-linux-x86_64 0.0.1.7 29.54 28.48 58.02 NOTE
r-release-linux-x86_64 0.0.1.7 28.38 28.33 56.71 NOTE
r-release-macos-arm64 0.0.1.7 41.00 NOTE
r-release-macos-x86_64 0.0.1.7 54.00 NOTE
r-release-windows-x86_64 0.0.1.7 36.00 73.00 109.00 NOTE
r-oldrel-macos-arm64 0.0.1.7 37.00 NOTE
r-oldrel-macos-x86_64 0.0.1.7 47.00 NOTE
r-oldrel-windows-x86_64 0.0.1.7 35.00 88.00 123.00 NOTE

Check Details

Version: 0.0.1.7
Check: CRAN incoming feasibility
Result: NOTE Maintainer: ‘Denis Rastegaev <drastega@gmail.com>’ No Authors@R field in DESCRIPTION. Please add one, modifying Authors@R: person(given = "Denis", family = "Rastegaev", role = c("aut", "cre"), email = "drastega@gmail.com") as necessary. Flavors: r-devel-linux-x86_64-debian-clang, r-devel-linux-x86_64-debian-gcc

Version: 0.0.1.7
Check: package subdirectories
Result: NOTE Problems with news in ‘NEWS.md’: Cannot extract version info from the following section titles: Roadmap of specklestar package Flavors: r-devel-linux-x86_64-debian-clang, r-devel-linux-x86_64-debian-gcc, r-devel-linux-x86_64-fedora-clang, r-devel-linux-x86_64-fedora-gcc, r-devel-windows-x86_64, r-patched-linux-x86_64, r-release-linux-x86_64, r-release-macos-arm64, r-release-macos-x86_64, r-release-windows-x86_64, r-oldrel-macos-arm64, r-oldrel-macos-x86_64, r-oldrel-windows-x86_64

Version: 0.0.1.7
Check: LazyData
Result: NOTE 'LazyData' is specified without a 'data' directory Flavors: r-oldrel-macos-arm64, r-oldrel-macos-x86_64, r-oldrel-windows-x86_64