Last updated on 2024-05-13 07:50:17 CEST.
Flavor | Version | Tinstall | Tcheck | Ttotal | Status | Flags |
---|---|---|---|---|---|---|
r-devel-linux-x86_64-debian-clang | 3.0-2 | 12.03 | 107.27 | 119.30 | NOTE | |
r-devel-linux-x86_64-debian-gcc | 3.0-2 | 10.43 | 77.53 | 87.96 | NOTE | |
r-devel-linux-x86_64-fedora-clang | 3.0-2 | 144.29 | NOTE | |||
r-devel-linux-x86_64-fedora-gcc | 3.0-2 | 206.26 | NOTE | |||
r-devel-windows-x86_64 | 3.0-2 | 14.00 | 91.00 | 105.00 | NOTE | |
r-patched-linux-x86_64 | 3.0-2 | 10.85 | 101.18 | 112.03 | NOTE | |
r-release-linux-x86_64 | 3.0-2 | 8.23 | 102.05 | 110.28 | NOTE | |
r-release-macos-arm64 | 3.0-2 | 47.00 | NOTE | |||
r-release-windows-x86_64 | 3.0-2 | 13.00 | 90.00 | 103.00 | NOTE | |
r-oldrel-macos-arm64 | 3.0-2 | 50.00 | NOTE | |||
r-oldrel-macos-x86_64 | 3.0-2 | 75.00 | NOTE | |||
r-oldrel-windows-x86_64 | 3.0-2 | 17.00 | 112.00 | 129.00 | NOTE |
Version: 3.0-2
Check: package dependencies
Result: NOTE
Depends: includes the non-default packages:
'spatstat.data', 'spatstat.sparse', 'spatstat.geom',
'spatstat.random', 'spatstat.explore', 'spatstat.model',
'spatstat.linnet', 'spatstat'
Adding so many packages to the search path is excessive and importing
selectively is preferable.
Flavors: r-devel-linux-x86_64-debian-clang, r-devel-linux-x86_64-debian-gcc, r-devel-linux-x86_64-fedora-clang, r-devel-linux-x86_64-fedora-gcc, r-devel-windows-x86_64, r-patched-linux-x86_64, r-release-linux-x86_64, r-release-macos-arm64, r-release-windows-x86_64, r-oldrel-macos-arm64, r-oldrel-macos-x86_64, r-oldrel-windows-x86_64