Last updated on 2024-05-13 09:51:00 CEST.
Flavor | Version | Tinstall | Tcheck | Ttotal | Status | Flags |
---|---|---|---|---|---|---|
r-devel-linux-x86_64-debian-clang | 0.2.2 | 5.45 | 162.26 | 167.71 | OK | |
r-devel-linux-x86_64-debian-gcc | 0.2.2 | 3.73 | 119.31 | 123.04 | OK | |
r-devel-linux-x86_64-fedora-clang | 0.2.2 | 203.95 | NOTE | |||
r-devel-linux-x86_64-fedora-gcc | 0.2.2 | 251.48 | OK | |||
r-devel-windows-x86_64 | 0.2.2 | 5.00 | 126.00 | 131.00 | OK | |
r-patched-linux-x86_64 | 0.2.2 | 4.78 | 154.44 | 159.22 | OK | |
r-release-linux-x86_64 | 0.2.2 | 4.60 | 157.34 | 161.94 | OK | |
r-release-macos-arm64 | 0.2.2 | 60.00 | OK | |||
r-release-windows-x86_64 | 0.2.2 | 8.00 | 129.00 | 137.00 | OK | |
r-oldrel-macos-arm64 | 0.2.2 | 67.00 | OK | |||
r-oldrel-macos-x86_64 | 0.2.2 | 120.00 | OK | |||
r-oldrel-windows-x86_64 | 0.2.2 | 6.00 | 163.00 | 169.00 | OK |
Version: 0.2.2
Check: Rd cross-references
Result: NOTE
Undeclared package ‘sp’ in Rd xrefs
Flavor: r-devel-linux-x86_64-fedora-clang