CRAN Package Check Results for Package sparklyr.nested

Last updated on 2025-07-03 06:50:32 CEST.

Flavor Version Tinstall Tcheck Ttotal Status Flags
r-devel-linux-x86_64-debian-clang 0.0.4 6.89 57.88 64.77 NOTE
r-devel-linux-x86_64-debian-gcc 0.0.4 4.80 40.37 45.17 NOTE
r-devel-linux-x86_64-fedora-clang 0.0.4 96.57 NOTE
r-devel-linux-x86_64-fedora-gcc 0.0.4 96.50 NOTE
r-devel-windows-x86_64 0.0.4 7.00 67.00 74.00 NOTE
r-patched-linux-x86_64 0.0.4 7.09 52.56 59.65 NOTE
r-release-linux-x86_64 0.0.4 5.97 51.81 57.78 NOTE
r-release-macos-arm64 0.0.4 30.00 NOTE
r-release-macos-x86_64 0.0.4 51.00 NOTE
r-release-windows-x86_64 0.0.4 8.00 70.00 78.00 NOTE
r-oldrel-macos-arm64 0.0.4 29.00 NOTE
r-oldrel-macos-x86_64 0.0.4 45.00 NOTE
r-oldrel-windows-x86_64 0.0.4 12.00 84.00 96.00 NOTE

Check Details

Version: 0.0.4
Check: Rd files
Result: NOTE checkRd: (-1) sdf_unnest.Rd:20: Lost braces 20 | \code{a1, a2, a3}, then code{sdf_explode(df, a)} will produce output with each record replicated | ^ Flavors: r-devel-linux-x86_64-debian-clang, r-devel-linux-x86_64-debian-gcc, r-devel-linux-x86_64-fedora-clang, r-devel-linux-x86_64-fedora-gcc, r-devel-windows-x86_64, r-patched-linux-x86_64, r-release-linux-x86_64, r-release-macos-arm64, r-release-macos-x86_64, r-release-windows-x86_64, r-oldrel-macos-arm64, r-oldrel-macos-x86_64, r-oldrel-windows-x86_64